{"id":21,"date":"2023-08-28T08:40:18","date_gmt":"2023-08-28T06:40:18","guid":{"rendered":"https:\/\/dev.elitejet.de\/?page_id=21"},"modified":"2026-03-18T13:24:48","modified_gmt":"2026-03-18T12:24:48","slug":"impressum","status":"publish","type":"page","link":"https:\/\/elitejet.de\/de\/imprint\/","title":{"rendered":"Impressum"},"content":{"rendered":"<div data-elementor-type=\"wp-page\" data-elementor-id=\"21\" class=\"elementor elementor-21\" data-elementor-post-type=\"page\">\n\t\t\t\t<div class=\"elementor-element elementor-element-f668309 wrapper e-flex e-con-boxed e-con e-parent\" data-id=\"f668309\" data-element_type=\"container\" data-e-type=\"container\">\n\t\t\t\t\t<div class=\"e-con-inner\">\n\t\t\t\t<div class=\"elementor-element elementor-element-76ca5a9 elementor-widget elementor-widget-heading\" data-id=\"76ca5a9\" data-element_type=\"widget\" data-e-type=\"widget\" data-widget_type=\"heading.default\">\n\t\t\t\t<div class=\"elementor-widget-container\">\n\t\t\t\t\t<h1 class=\"elementor-heading-title elementor-size-default\">Impressum<\/h1>\t\t\t\t<\/div>\n\t\t\t\t<\/div>\n\t\t\t\t<div class=\"elementor-element elementor-element-29c3ed7 elementor-widget elementor-widget-heading\" data-id=\"29c3ed7\" data-element_type=\"widget\" data-e-type=\"widget\" data-widget_type=\"heading.default\">\n\t\t\t\t<div class=\"elementor-widget-container\">\n\t\t\t\t\t<span class=\"elementor-heading-title elementor-size-default\">Angaben gem\u00e4\u00df \u00a7 5 TMG:\n<\/span>\t\t\t\t<\/div>\n\t\t\t\t<\/div>\n\t\t\t\t<div class=\"elementor-element elementor-element-ef252ec elementor-widget__width-initial elementor-widget-mobile__width-inherit elementor-widget elementor-widget-text-editor\" data-id=\"ef252ec\" data-element_type=\"widget\" data-e-type=\"widget\" data-widget_type=\"text-editor.default\">\n\t\t\t\t<div class=\"elementor-widget-container\">\n\t\t\t\t\t\t\t\t\t<p>elite Jet Service GmbH<br \/>Am Flughafen 16<br \/>41066 M\u00f6nchengladbach<\/p><h4>\u00a0<\/h4><h4>Vertreten durch:<\/h4><p>Gesch\u00e4ftsf\u00fchrer: Christian B\u00f6ck<\/p><h4>\u00a0<\/h4><h4>Kontakt:<\/h4><p>Telefon: +49 (0) 2161 \/ 495 248-0<br \/>Telefax: +49 (0) 2161 \/ 495 248-28<br \/>E-Mail:\u00a0<a href=\"mailto:planning@elitejet.de\">planning@elitejet.de<\/a><\/p><h4>\u00a0<\/h4><h4>Registereintrag<\/h4><p>Eintragung im Handelsregister.<br \/>Registergericht: Amtsgericht Krefeld<br \/>Registernummer: HRB 12498<\/p><h4>\u00a0<\/h4><h4>MwSt.<\/h4><p>Umsatzsteuer-Identifikationsnummer gem\u00e4\u00df \u00a7 27 a UStG:<br \/>USt-IdNr.: DE 176 145 699<\/p><h4>\u00a0<\/h4><h4>Aufsichtsbeh\u00f6rde:<\/h4><p>Luftfahrt-Bundesamt<br \/>38144 Braunschweig<br \/><a href=\"http:\/\/www.lba.de\/\" target=\"_blank\" rel=\"noopener\">http:\/\/www.lba.de<\/a><\/p><h4>\u00a0<\/h4><h4>Streitbeilegung<\/h4><p>Wir nehmen nicht an Online-Streitbeilegungsverfahren bei Verbraucherschlichtungsstellen teil.<\/p><h2>\u00a0<\/h2><h2>Haftung f\u00fcr Inhalte<\/h2><p>Als Diensteanbieter sind wir gem\u00e4\u00df \u00a7 7 Abs. 1 TMG f\u00fcr eigene Inhalte auf diesen Seiten nach den allgemeinen Gesetzen verantwortlich. Nach \u00a7\u00a7 8 bis 10 TMG sind wir als Diensteanbieter jedoch nicht verpflichtet, \u00fcbermittelte oder gespeicherte fremde Informationen zu \u00fcberwachen oder nach Umst\u00e4nden zu forschen, die auf eine rechtswidrige T\u00e4tigkeit hinweisen.<\/p><p>Gesetzliche Verpflichtungen zur Entfernung oder Sperrung der Nutzung von Informationen nach den allgemeinen Gesetzen bleiben hiervon unber\u00fchrt. Eine diesbez\u00fcgliche Haftung ist jedoch erst ab dem Zeitpunkt der Kenntnis einer konkreten Rechtsverletzung m\u00f6glich. Bei Bekanntwerden von entsprechenden Rechtsverletzungen werden wir diese Inhalte umgehend entfernen.<\/p><h2>\u00a0<\/h2><h2>Haftung f\u00fcr Links<\/h2><p>Unser Angebot enth\u00e4lt Links zu externen Webseiten Dritter, auf deren Inhalte wir keinen Einfluss haben. Deshalb k\u00f6nnen wir f\u00fcr diese Inhalte auch keine Gew\u00e4hr \u00fcbernehmen. F\u00fcr die Inhalte der verlinkten Seiten ist stets der jeweilige Anbieter oder Betreiber der Seiten verantwortlich.<\/p><p>Die verlinkten Webseiten wurden zum Zeitpunkt der Setzung des Links auf m\u00f6gliche Rechtsverst\u00f6\u00dfe \u00fcberpr\u00fcft. Rechtswidrige Inhalte waren zum Zeitpunkt der Verlinkung nicht erkennbar. Eine permanente inhaltliche Kontrolle der verlinkten Webseiten ist jedoch ohne konkrete Anhaltspunkte einer Rechtsverletzung nicht zumutbar. Bei Bekanntwerden von Rechtsverletzungen werden derartige Links umgehend entfernt.<\/p><h2>\u00a0<\/h2><h2>Urheberrecht<\/h2><p>Die durch die Anbieter auf diesen Seiten ver\u00f6ffentlichten Inhalte und Zusammenstellungen unterliegen dem deutschen Urheberrecht. Die Vervielf\u00e4ltigung, Bearbeitung, Verbreitung und jede Art der Verwertung au\u00dferhalb der Grenzen des Urheberrechts bed\u00fcrfen der schriftlichen Zustimmung des jeweiligen Autors bzw. Erstellers. Downloads und Kopien dieser Seite sind nur f\u00fcr den privaten Gebrauch gestattet. Die kommerzielle Nutzung unserer Inhalte ohne Zustimmung des Erstellers ist untersagt.<\/p><p>Die Urheberrechte Dritter werden beachtet, sofern die Inhalte auf diesen Webseiten nicht vom Anbieter stammen. Beitr\u00e4ge Dritter auf dieser Seite sind als solche gekennzeichnet. Sollten Sie dennoch auf eine Urheberrechtsverletzung aufmerksam werden, bitten wir um einen entsprechenden Hinweis. Bei Bekanntwerden von Rechtsverletzungen werden wir derartige Inhalte umgehend entfernen.<\/p><h2>\u00a0<\/h2><h2>Webdesign &amp; Entwicklung<\/h2><p>Schwarz+Matt GmbH<\/p><p>Website\u00a0<a href=\"https:\/\/www.schwarz-matt.com\/\" target=\"_blank\" rel=\"noopener\">www.schwarz-matt.com<\/a><br \/>E-Mail:\u00a0<a href=\"mailto:info@schwarz-matt.com\">info@schwarz-matt.com<\/a><\/p><h4>\u00a0<\/h4><h4>Bildquellen<\/h4><p>\u00a9 Brad Whitsitt\/Shutterstock.com,<br \/>\u00a9 Dimitrije Ostojic\/Shutterstock.com,<br \/>\u00a9 JuNiAr\/Shutterstock.com, NADA GIRL\/Shutterstock.com<\/p>\t\t\t\t\t\t\t\t<\/div>\n\t\t\t\t<\/div>\n\t\t\t\t\t<\/div>\n\t\t\t\t<\/div>\n\t\t\t\t<\/div>","protected":false},"excerpt":{"rendered":"<p>Information provided according to Sec. 5 German Telemedia Act (TMG): elite Jet Service GmbHAm Flughafen 1641066 M\u00f6nchengladbach \u00a0 Represented by: Managing Director: Christian B\u00f6ck \u00a0 Contact: Telephone: +49 (0) 2161 \/ 495 248-0Telefax: +49 (0) 2161 \/ 495 248-28Email:\u00a0planning@elitejet.de \u00a0 Register entry: Entry in the Handelsregister.Registering court:Amtsgericht KrefeldRegistration number: HRB 12498 \u00a0 VAT: VAT Id [&hellip;]<\/p>\n","protected":false},"author":4,"featured_media":0,"parent":0,"menu_order":0,"comment_status":"closed","ping_status":"closed","template":"","meta":{"footnotes":""},"class_list":["post-21","page","type-page","status-publish","hentry"],"_links":{"self":[{"href":"https:\/\/elitejet.de\/de\/wp-json\/wp\/v2\/pages\/21","targetHints":{"allow":["GET"]}}],"collection":[{"href":"https:\/\/elitejet.de\/de\/wp-json\/wp\/v2\/pages"}],"about":[{"href":"https:\/\/elitejet.de\/de\/wp-json\/wp\/v2\/types\/page"}],"author":[{"embeddable":true,"href":"https:\/\/elitejet.de\/de\/wp-json\/wp\/v2\/users\/4"}],"replies":[{"embeddable":true,"href":"https:\/\/elitejet.de\/de\/wp-json\/wp\/v2\/comments?post=21"}],"version-history":[{"count":10,"href":"https:\/\/elitejet.de\/de\/wp-json\/wp\/v2\/pages\/21\/revisions"}],"predecessor-version":[{"id":2046,"href":"https:\/\/elitejet.de\/de\/wp-json\/wp\/v2\/pages\/21\/revisions\/2046"}],"wp:attachment":[{"href":"https:\/\/elitejet.de\/de\/wp-json\/wp\/v2\/media?parent=21"}],"curies":[{"name":"wp","href":"https:\/\/api.w.org\/{rel}","templated":true}]}}

<div data-elementor-type="wp-page" data-elementor-id="21" class="elementor elementor-21" data-elementor-post-type="page">
				<div class="elementor-element elementor-element-f668309 wrapper e-flex e-con-boxed e-con e-parent" data-id="f668309" data-element_type="container" data-e-type="container">
					<div class="e-con-inner">
				<div class="elementor-element elementor-element-76ca5a9 elementor-widget elementor-widget-heading" data-id="76ca5a9" data-element_type="widget" data-e-type="widget" data-widget_type="heading.default">
				<div class="elementor-widget-container">
					<h1 class="elementor-heading-title elementor-size-default">Impressum</h1>				</div>
				</div>
				<div class="elementor-element elementor-element-29c3ed7 elementor-widget elementor-widget-heading" data-id="29c3ed7" data-element_type="widget" data-e-type="widget" data-widget_type="heading.default">
				<div class="elementor-widget-container">
					<span class="elementor-heading-title elementor-size-default">Angaben gemäß § 5 TMG:
</span>				</div>
				</div>
				<div class="elementor-element elementor-element-ef252ec elementor-widget__width-initial elementor-widget-mobile__width-inherit elementor-widget elementor-widget-text-editor" data-id="ef252ec" data-element_type="widget" data-e-type="widget" data-widget_type="text-editor.default">
				<div class="elementor-widget-container">
									<p>elite Jet Service GmbH<br />Am Flughafen 16<br />41066 Mönchengladbach</p><h4> </h4><h4>Vertreten durch:</h4><p>Geschäftsführer: Christian Böck</p><h4> </h4><h4>Kontakt:</h4><p>Telefon: +49 (0) 2161 / 495 248-0<br />Telefax: +49 (0) 2161 / 495 248-28<br />E-Mail: <a href="mailto:planning@elitejet.de">planning@elitejet.de</a></p><h4> </h4><h4>Registereintrag</h4><p>Eintragung im Handelsregister.<br />Registergericht: Amtsgericht Krefeld<br />Registernummer: HRB 12498</p><h4> </h4><h4>MwSt.</h4><p>Umsatzsteuer-Identifikationsnummer gemäß § 27 a UStG:<br />USt-IdNr.: DE 176 145 699</p><h4> </h4><h4>Aufsichtsbehörde:</h4><p>Luftfahrt-Bundesamt<br />38144 Braunschweig<br /><a href="http://www.lba.de/" target="_blank" rel="noopener">http://www.lba.de</a></p><h4> </h4><h4>Streitbeilegung</h4><p>Wir nehmen nicht an Online-Streitbeilegungsverfahren bei Verbraucherschlichtungsstellen teil.</p><h2> </h2><h2>Haftung für Inhalte</h2><p>Als Diensteanbieter sind wir gemäß § 7 Abs. 1 TMG für eigene Inhalte auf diesen Seiten nach den allgemeinen Gesetzen verantwortlich. Nach §§ 8 bis 10 TMG sind wir als Diensteanbieter jedoch nicht verpflichtet, übermittelte oder gespeicherte fremde Informationen zu überwachen oder nach Umständen zu forschen, die auf eine rechtswidrige Tätigkeit hinweisen.</p><p>Gesetzliche Verpflichtungen zur Entfernung oder Sperrung der Nutzung von Informationen nach den allgemeinen Gesetzen bleiben hiervon unberührt. Eine diesbezügliche Haftung ist jedoch erst ab dem Zeitpunkt der Kenntnis einer konkreten Rechtsverletzung möglich. Bei Bekanntwerden von entsprechenden Rechtsverletzungen werden wir diese Inhalte umgehend entfernen.</p><h2> </h2><h2>Haftung für Links</h2><p>Unser Angebot enthält Links zu externen Webseiten Dritter, auf deren Inhalte wir keinen Einfluss haben. Deshalb können wir für diese Inhalte auch keine Gewähr übernehmen. Für die Inhalte der verlinkten Seiten ist stets der jeweilige Anbieter oder Betreiber der Seiten verantwortlich.</p><p>Die verlinkten Webseiten wurden zum Zeitpunkt der Setzung des Links auf mögliche Rechtsverstöße überprüft. Rechtswidrige Inhalte waren zum Zeitpunkt der Verlinkung nicht erkennbar. Eine permanente inhaltliche Kontrolle der verlinkten Webseiten ist jedoch ohne konkrete Anhaltspunkte einer Rechtsverletzung nicht zumutbar. Bei Bekanntwerden von Rechtsverletzungen werden derartige Links umgehend entfernt.</p><h2> </h2><h2>Urheberrecht</h2><p>Die durch die Anbieter auf diesen Seiten veröffentlichten Inhalte und Zusammenstellungen unterliegen dem deutschen Urheberrecht. Die Vervielfältigung, Bearbeitung, Verbreitung und jede Art der Verwertung außerhalb der Grenzen des Urheberrechts bedürfen der schriftlichen Zustimmung des jeweiligen Autors bzw. Erstellers. Downloads und Kopien dieser Seite sind nur für den privaten Gebrauch gestattet. Die kommerzielle Nutzung unserer Inhalte ohne Zustimmung des Erstellers ist untersagt.</p><p>Die Urheberrechte Dritter werden beachtet, sofern die Inhalte auf diesen Webseiten nicht vom Anbieter stammen. Beiträge Dritter auf dieser Seite sind als solche gekennzeichnet. Sollten Sie dennoch auf eine Urheberrechtsverletzung aufmerksam werden, bitten wir um einen entsprechenden Hinweis. Bei Bekanntwerden von Rechtsverletzungen werden wir derartige Inhalte umgehend entfernen.</p><h2> </h2><h2>Webdesign &amp; Entwicklung</h2><p>Schwarz+Matt GmbH</p><p>Website <a href="https://www.schwarz-matt.com/" target="_blank" rel="noopener">www.schwarz-matt.com</a><br />E-Mail: <a href="mailto:info@schwarz-matt.com">info@schwarz-matt.com</a></p><h4> </h4><h4>Bildquellen</h4><p>© Brad Whitsitt/Shutterstock.com,<br />© Dimitrije Ostojic/Shutterstock.com,<br />© JuNiAr/Shutterstock.com, NADA GIRL/Shutterstock.com</p>								</div>
				</div>
					</div>
				</div>
				</div>

<p>Information provided according to Sec. 5 German Telemedia Act (TMG): elite Jet Service GmbHAm Flughafen 1641066 Mönchengladbach   Represented by: Managing Director: Christian Böck   Contact: Telephone: +49 (0) 2161 / 495 248-0Telefax: +49 (0) 2161 / 495 248-28Email: planning@elitejet.de   Register entry: Entry in the Handelsregister.Registering court:Amtsgericht KrefeldRegistration number: HRB 12498   VAT: VAT Id [&hellip;]</p>
